= -s**2 - 8*s - 3. Let v(c) = -c - 23. Let n be v(-23). Suppose n = m - 5*i + 16, -2*m - 3*i + i = 8. Determine l(m).
9
Let u = 6156 - 4083. Let q(t) = -t**2 - u - 2079 - 8*t + 4159. Let a be ((2 - 1) + -3)*4. What is q(a)?
7
Let f(b) = -b**3 - 10*b**2 - 9*b + 6. Let z(y) = 27*y - 199. Let u be z(9). Suppose 4*s + 2*t + 2*t + u = 0, -5*s = -2*t + 41. Calculate f(s).
6
Let q(z) = z**3 + 5*z**2 + 3*z + 6. Suppose 0 = 21*l - 103 + 19. Suppose -f - 4*h = 8, -2*h - 10 = 3*f - l*h. Give q(f).
10
Let d(n) = -59*n + 124. Let o(l) = -142*l + 310. Let i(z) = -12*d(z) + 5*o(z). What is i(15)?
32
Let y(a) = -a**3 + 7*a**2 - 4*a - 8. Let p(v) = 20*v - 169. Let t be p(9). Let h(n) = 2*n**2 - 21*n - 5. Let u be h(t). What is y(u)?
4
Suppose -66*r = -106*r + 61*r - 168. Let y(f) = -f**3 + 11*f**2 - 29*f + 47. Calculate y(r).
7
Let u(d) = d + 6. Let b(y) = 3*y. Let h be b(5). Let s = 234 + -229. Suppose 2 - 5 = -4*l + w, s*l = 5*w + h. Give u(l).
6
Let c(q) be the second derivative of -q**5/20 + 11*q**4/12 - q**3/3 - 9*q**2/2 + 2348*q. Give c(10).
71
Let s(j) = -104. Let w(x) = -x**2 - 15*x + 333. Let f(k) = 3*s(k) + w(k). Determine f(-15).
21
Let z(x) = 16 - 6*x**2 - 5*x - 7*x - 5*x + x. Let c(a) = a**2 + 3*a - 3. Let s(f) = -11*c(f) - 2*z(f). Suppose -3*h = 2*r + 7, 3 = -r - 3*h - 5. Calculate s(r).
1
Let o(i) = -34706*i - 138820. Let m be o(-4). Let r(f) = f**3. Let p(l) = 3*l**3 + 3*l**2 + 6*l - 1. Let b(u) = p(u) - 4*r(u). Determine b(m).
7
Let f(s) = 4 + 10*s**2 + 8 + 13 - 27 - 9*s + 4 - s**3. Suppose 0 = 4*c + 2*k + 22, -4*k + 21 = -4*c - c. Let x be (-40)/c - (-1)/1. Give f(x).
2
Suppose 4*s + 5*y - 38 = 0, -4*y = 2*s - 6 - 10. Let x(i) = 2*i**2 + s + 4*i - 12 + 0*i. Let g(t) = -2*t - 1. Let z be g(1). Calculate x(z).
6
Let l(w) be the third derivative of w**6/120 + 13*w**5/60 - 2*w**4/3 - 17*w**3/6 + 11226*w**2. What is l(-14)?
11
Let j = 2459 + -2444. Let o(w) = -w**2 + 13*w + 28. Determine o(j).
-2
Let j(s) = -2*s**2 - 2*s + 2. Let q be j(-2). Suppose 4*k = -0*a + a - 46, 4*a = 5*k + 140. Let y(u) = -2*u**2 - 15*u - u**2 - 17*u + a*u. Determine y(q).
-8
Suppose -5*n = -41 - 19. Let m(z) = 5 - 7 + z**2 + n. Let s be -2 + 8/3 + 2/(-3). Give m(s).
10
Let c(v) = 3*v**2 + 7*v. Let y be (74/148)/((-4)/(24*1)). Determine c(y).
6
Let u(s) = 3*s + 6. Suppose -5*t + 3*t = -34. Suppose -3*x + 47 = -5*g + 14, -3*x + g = -45. Suppose -4*f = 4*p + x, 3 + t = -5*f - p. What is u(f)?
-6
Let h = 337 - 335. Let x(z) = -8*z**3 - 6*z**h - z - 5*z + 7*z**3 + 2 - z. Give x(-5).
12
Let o(w) = -w**2 - 15*w - 29. Let u = -1837 - -1826. Give o(u).
15
Let i(d) = 5*d + 1. Let z(n) = 6*n + 1. Let a(w) = 12*w + 2. Let t(j) = -6*a(j) + 11*z(j). Let q(v) = 5*i(v) + 4*t(v). What is q(-3)?
-2
Let g(m) = -30 - 5*m - 2372*m**2 - 2368*m**2 + 4742*m**2. Give g(-5).
45
Suppose -5*n = -0*f + 2*f - 7, -6*n + 4*f - 30 = 0. Let w(z) = 39*z**3 + z**2 - 1. What is w(n)?
-39
Let g be (2 + -6)*-1*(35/14 + -3). Let l(j) = 8*j**2 - j - 2. What is l(g)?
32
Let x(w) = -91*w**3 - 21*w**2 - 19*w - 24. Let l(t) = -57*t**3 - 15*t**2 - 12*t - 16. Let m(u) = 8*l(u) - 5*x(u). Let y be 3 - (2/2 + 17). What is m(y)?
7
Suppose 0 = 2*w + 5*d + 7 - 3, 0 = -3*w - 4*d + 1. Let f(a) = 12*a - a**w - 23*a + 4*a + 10*a. Let z = 3 + -6. Determine f(z).
18
Let l(h) = 5*h**3 - 43*h**2 - 20*h + 592. Let a(v) = -3*v**3 + 28*v**2 + 13*v - 370. Let o(d) = 8*a(d) + 5*l(d). Let f = 5 + -13. Give o(f).
32
Suppose -31 = o - 3*j, -11*o = -j + 85 - 0. Let n(m) = 4*m + 23. Calculate n(o).
-5
Let z(u) = u - 6. Let l(s) = 413*s**2 - 826*s**2 - 106 - 24*s + 414*s**2. Let m be l(28). Calculate z(m).
0
Let w = 310 - 306. Let r(t) = 194*t - 197*t + t**2 + 3 + w. Give r(6).
25
Let x(q) = -112*q - 105. Suppose 84*d = 4*a + 86*d - 12, a + 5*d = 39. Give x(a).
7
Let i(h) be the first derivative of -h**3/3 + 6*h**2 + 14*h - 2545. Determine i(13).
1
Suppose 15 = 2*m + m. Suppose m*h - 20 + 10 = 0. Suppose -r = -5*s - 15, -h*r + 2*s = -0*s - 6. Let v(b) = -b**3 - b - 3. Determine v(r).
-3
Suppose -39 - 7 = -23*y. Let s(l) be the first derivative of -5*l + 1/3*l**3 + 5/2*l**y + 11. What is s(-5)?
-5
Let q(t) be the first derivative of -t**5/120 + 73*t**3/3 - 64. Let k(p) be the third derivative of q(p). Let w = 8 + -13. Determine k(w).
5
Suppose 7*q = 322 + 63. Let v(y) = -7 - 18*y + 13*y - 54*y**2 + q*y**2. Determine v(5).
-7
Suppose 4*i - 20022 = 2*j, 2*j + 0*j - 15020 = -3*i. Let x(c) = c**3 - 5019 + 8*c**2 + 0*c**3 - 12*c + i. Determine x(-9).
14
Let m(c) be the first derivative of 3/2*c**2 - 188 + 7*c. Determine m(-5).
-8
Let k(o) = 246*o + 4187. Let l be k(-17). Let p(m) = -m**3 + 3*m**2 + 7*m + 9. What is p(l)?
-6
Let x = 437 + -441. Let a be 32/x*(-3)/2. Let s(k) = -k - 1. Give s(a).
-13
Let y = 42 + -39. Let k be (-1)/y*(-12 - -6). Let p(u) = -3 + 17*u + 23*u - 46*u + u**k. Determine p(6).
-3
Let h(s) = -s**3 + 4*s**2 - 5*s + 1. Suppose -289*f + 2*l + 16 = -285*f, 3*f - 13 = 2*l. Calculate h(f).
-5
Let g(p) = -p**3 + 2*p**2 + 7*p - 5. Suppose -3*f = 2*w - 6*f - 307, 5*w = 5*f + 765. Let a = -148 + w. What is g(a)?
-9
Let w(x) = x**3 + 256854*x - 1 + 6*x**2 - 256849*x - 1. Calculate w(-5).
-2
Let z(d) be the third derivative of d**4/24 - 7*d**3/6 + 243*d**2. Give z(9).
2
Let r(q) be the third derivative of -q**6/120 - 11*q**5/60 + 5*q**4/4 - q**3/6 + 60*q**2 - 2*q. What is r(-13)?
-53
Let q be ((-2)/3)/((-18)/(-135)). Let w(j) = -72*j - 2 - 69*j - 1 - 73*j + 216*j. What is w(q)?
-13
Let m(o) be the second derivative of -28*o**3/3 - 380*o - 1. Calculate m(-1).
56
Let h(b) = -b**2 - 39*b - 318. Let v be h(-11). Let u(q) = 2*q**2 + 20*q + 8. Determine u(v).
8
Let f(v) = 2*v**2 - 11*v + 5. Let r(b) = -230*b - 452. Let a be r(-2). Give f(a).
45
Let l(m) be the second derivative of 0 + 2*m**2 - 2/3*m**3 + 58*m. Let c(v) = 5*v**2 - 1. Let n be c(-1). Give l(n).
-12
Let c(w) = w - 4. Let j be ((-351)/(-65))/(3/20). Let u(m) = -m**2 + 40*m - 139. Let l be u(j). Calculate c(l).
1
Let c(u) be the first derivative of -5 - 4*u + 1/4*u**4 + 2*u**2 + 5/3*u**3. Give c(-4).
-4
Suppose 0 = -2*i - 12 + 2. Let x(l) be the first derivative of -26 - 10*l - 1/2*l**2. Give x(i).
-5
Let x(t) = 3*t - 9. Let l(p) = -3*p - 23. Let q be l(-9). Suppose 0 = -3*g + 2*g - q*y + 103, -4*y = -g + 119. Suppose 42 + g = 17*d. Determine x(d).
18
Suppose -5 = a, 5*b + 4 + 16 = a. Let c(r) = -5*r. Let m(f) = 10*f. Let n(p) = b*c(p) - 2*m(p). Give n(3).
15
Let d(l) = -l**2 - 4*l - 7. Let r(m) = m**2 - 60*m - 866. Let a be r(72). Give d(a).
-3
Let n = 276 + -268. Let f(k) = 0*k**2 + n*k - 6*k**2 + k**3 - 2*k**2 + 210 - 216. Suppose 29 = 3*z + 8. Calculate f(z).
1
Let s(j) = 464*j + 18. Let i(l) = -280*l - 9. Let g(r) = -5*i(r) - 3*s(r). Give g(2).
7
Let r(o) be the first derivative of 11*o**2 + 221*o + 5241. What is r(-10)?
1
Let t(k) = -4*k**2 + 5*k. Suppose 4*w = 2*m - 0*m - 24, -6*m = 3*w + 3. What is t(m)?
-6
Let k(h) = h**2 - 5*h - 8. Let l(p) be the third derivative of p**5/10 + 35*p**4/6 + 53*p**3/6 - 5*p**2. Let s be l(-23). Determine k(s).
6
Let l = -329 + 331. Suppose a - z + 13 = 3*z, -35 = l*a + z. Let f(c) = -c**3 - 16*c**2 + 18*c + 11. Calculate f(a).
-6
Let g = 22464 + -22462. Let w(o) be the third derivative of 1/120*o**6 + 4/3*o**3 - g*o**2 + 3/20*o**5 + 9*o - 3/8*o**4 + 0. What is w(-10)?
-2
Let s(j) = -j**3 - 7*j**2 + 5*j + 16. Let q(b) = 7*b**3 + 49*b**2 - 37*b - 113. Let c(l) = 4*q(l) + 29*s(l). Give c(-5).
-23
Let r be (-7 - -8)*(0 - -145). Suppose -r*y + 2 = -146*y. Let k(l) = l**3 - 2*l**2 - 3*l - 2. Calculate k(y).
-12
Let m(k) = 4*k**2 - 16*k - 11. Let y(p) be the second derivative of -p**4/2 + 25*p**3/6 + 17*p**2/2 + 22*p - 3. Let i(x) = -8*m(x) - 5*y(x). Calculate i(3).
-6
Suppose 75 = -6*h + 31*h. Let b(z) be the second derivative of -z**5/20 + z**4/12 + 5*z**3/6 - 5*z**2/2 - 62*z. Give b(h).
-8
Let i(a) = -4*a + 5. Let t(j) = -j**2 + 25*j + 266. Let x = 197 - 205. Let g be t(x). Give i(g).
-3
Let z(q) = 14*q - 1. Let b be (18/(-15)*-1)/((-30)/(-75)). Let m be 3/(b/4) - (6 - 3). Calculate z(m).
13
Let l = -112 - -117. Let d(w) = -l*w**2 - 29*w + 14 - 8*w + 50*w - w**3 + w**2. Calculate d(-6).
8
Let f(y) = -10*y + 4. Let b(q) = -9*q + 2. Let g = 670 - 673. Let z(n) = g*f(n) + 4*b(n). What is z(-4)?
20
Let c(r) = -3*r - 20. Suppose 2*x - 2*m = -0